{"id":2,"date":"2025-02-05T09:05:37","date_gmt":"2025-02-05T09:05:37","guid":{"rendered":"https:\/\/odevx.com\/?page_id=2"},"modified":"2025-02-12T09:19:04","modified_gmt":"2025-02-12T09:19:04","slug":"sample-page","status":"publish","type":"page","link":"https:\/\/odevx.com\/?page_id=2","title":{"rendered":"Sitemiz"},"content":{"rendered":"\n<p>Bu site fizikteki baz\u0131 olaylar\u0131 yapay zekan\u0131n bak\u0131\u015f a\u00e7\u0131s\u0131n\u0131 ile yorumlamas\u0131 i\u00e7in tasarland\u0131. Fiziksel olaylar\u0131n hem g\u00f6rsel hem i\u00e7erik olarak sorgulanmas\u0131 farkl\u0131 yapay zeka ara\u00e7lar\u0131 ile ger\u00e7ekle\u015ftirildi.<\/p>\n","protected":false},"excerpt":{"rendered":"<p>Bu site fizikteki baz\u0131 olaylar\u0131 yapay zekan\u0131n bak\u0131\u015f a\u00e7\u0131s\u0131n\u0131 ile yorumlamas\u0131 i\u00e7in tasarland\u0131. Fiziksel olaylar\u0131n hem g\u00f6rsel hem i\u00e7erik olarak sorgulanmas\u0131 farkl\u0131 yapay zeka ara\u00e7lar\u0131 ile ger\u00e7ekle\u015ftirildi.<\/p>\n","protected":false},"author":1,"featured_media":0,"parent":0,"menu_order":0,"comment_status":"closed","ping_status":"open","template":"","meta":{"footnotes":""},"class_list":["post-2","page","type-page","status-publish","hentry"],"_links":{"self":[{"href":"https:\/\/odevx.com\/index.php?rest_route=\/wp\/v2\/pages\/2","targetHints":{"allow":["GET"]}}],"collection":[{"href":"https:\/\/odevx.com\/index.php?rest_route=\/wp\/v2\/pages"}],"about":[{"href":"https:\/\/odevx.com\/index.php?rest_route=\/wp\/v2\/types\/page"}],"author":[{"embeddable":true,"href":"https:\/\/odevx.com\/index.php?rest_route=\/wp\/v2\/users\/1"}],"replies":[{"embeddable":true,"href":"https:\/\/odevx.com\/index.php?rest_route=%2Fwp%2Fv2%2Fcomments&post=2"}],"version-history":[{"count":2,"href":"https:\/\/odevx.com\/index.php?rest_route=\/wp\/v2\/pages\/2\/revisions"}],"predecessor-version":[{"id":29,"href":"https:\/\/odevx.com\/index.php?rest_route=\/wp\/v2\/pages\/2\/revisions\/29"}],"wp:attachment":[{"href":"https:\/\/odevx.com\/index.php?rest_route=%2Fwp%2Fv2%2Fmedia&parent=2"}],"curies":[{"name":"wp","href":"https:\/\/api.w.org\/{rel}","templated":true}]}}